+ x**3/6 + x**2. Determine s(o).
5
Let c be (-3 - 10/(-4))*-2. Let q(g) = -1 + 2*g + 2 + 0*g. Determine q(c).
3
Let j(o) = 4*o + 2. Let r(l) = 1 - 4*l + 3*l - 2 - l. Let k be r(1). Determine j(k).
-10
Suppose t - 2*x - 4 = -t, -2*t + 3 = -3*x. Let i(o) = 5*o**2 + 10 - 4*o**2 - t*o - 7 - 5. Calculate i(3).
-2
Let n = 15 - 16. Let o = 5 - n. Let g(b) = -b + 6 + b - b. Determine g(o).
0
Let z(c) = c**3 + 1. Let d(t) = t**3 + t**2 + 4. Let j be d(0). Suppose -v = -j*v - 3. Determine z(v).
0
Let w(t) = t**3 + 6*t**2 - 5*t + 5. Suppose 2*p = -p - 21. Calculate w(p).
-9
Let d be ((-2)/(-2))/(2/4). Let y(w) = w**2 + 2*w**2 - w + 2 - w**2. Give y(d).
8
Let g(j) = -3*j. Let t = 2 + -4. Suppose -o = 3 + 1. Let r be 5/10*o/t. What is g(r)?
-3
Let g(r) = -r**3 - 3*r**2 - 3*r - 1. Let n be g(-2). Let t(v) = 13*v**3 - 2*v**2 + v. Give t(n).
12
Let s(c) be the first derivative of c**4/12 + 5*c**3/6 + c**2 + 3*c + 3. Let u(d) be the first derivative of s(d). Let g = -4 - 1. Calculate u(g).
2
Let n be (-16)/9 - (-2)/(-9). Let s(g) = 1 - 3*g + g - g**2 - 3. What is s(n)?
-2
Let x(l) = -l**2 - 4*l + 3. Suppose 2*u - 5*q - 7 = 0, 4*q = -0*q - 12. Calculate x(u).
3
Let d(w) = -w + 1. Let u(o) = o. Let y(b) = 3*d(b) + 4*u(b). Determine y(-6).
-3
Let r(f) be the second derivative of -f**5/20 - 7*f**4/12 + f**3/2 + f**2/2 + 7*f. Determine r(-7).
-20
Let l(a) = -a**2 + 10*a - 7. Let u be (3/(-5))/((-2)/30). Let b be l(u). Let n(i) = -2*i**2 + i**3 - 4 + 2 + 0*i**3 + i. Give n(b).
0
Let s(m) = -m**2 - 14*m. Let h be s(-14). Let f(u) = -2 - 2 - u**2 + 9*u - 5*u + h*u. Let r be 14/3 - (-4)/(-6). Calculate f(r).
-4
Let o(k) be the second derivative of -k**5/20 + k**3/2 - 21*k. Determine o(-3).
18
Let o(q) be the third derivative of q**6/120 - q**5/60 - q**4/24 - q**2 + 3. Determine o(-1).
-1
Suppose -j + 4*v + 3 + 9 = 0, 0 = 2*j + 3*v + 9. Let i(q) = -q**3 - 7*q**2 + 4. Let r be i(-7). Let n(u) = -5*u**2 - 18 + r*u**2 + 10. What is n(j)?
-8
Let y(z) = z + 1 + 3*z**3 + z - 4*z**2 + 4*z**3 - 6*z**3. Let n(o) = -3*o - 1. Let g be n(-1). Determine y(g).
-3
Let a(x) = x**2 - x - 1. Let j(z) = 5*z**2 - 4*z - 5. Suppose 2*n - c + 9 = -2*c, -5*c - 1 = -n. Let v(q) = n*a(q) + j(q). Calculate v(0).
-1
Let s = -12 + 19. Let q(r) = -9*r**2 + 15*r - 3. Let d(z) = -4*z**2 + 7*z - 1. Let k(b) = s*d(b) - 3*q(b). Determine k(4).
2
Let r(v) = -v**3 + 4*v**2 - v. Suppose -4*d + 20 = -16. Let c(g) = 0*g**2 + g**2 - 9*g + g**2 - g**2 + 4. Let x be c(d). Calculate r(x).
-4
Suppose -30 = -l + 4*l. Let q = -4 - l. Let x(v) = 0 + 0 + q*v - 1. Give x(-1).
-7
Let p(n) = -n**3 + 6*n**2 + 1. Let b be p(6). Let f(i) = 10*i**2 - 23*i + 3. Let v(o) = 3*o**2 - 8*o + 1. Let y(u) = -6*f(u) + 17*v(u). Give y(b).
-8
Let b(h) = 0 + 2*h + h - h**3 + 1. Let m(k) = -k**3 + 5*k**2 - k + 7. Let v be m(5). Let d = v + -4. What is b(d)?
3
Let n(x) = 3*x - x + x + 4. What is n(-4)?
-8
Let u = -2 + 5. Let s(y) = -1 + 4 + 2 - 1 - u*y. Give s(3).
-5
Let d = 0 + 0. Suppose d = 4*w - 4 - 0. Let z(b) = -b**2 - b. What is z(w)?
-2
Let k be 2/(-4)*-1*4. Let y(i) = -i**k - 2 + 7 + i - 2*i + 7*i. Determine y(6).
5
Let v(l) be the third derivative of -l**5/120 + 5*l**4/12 - l**3/3 + 4*l**2. Let j(n) be the first derivative of v(n). Let s be (0 + 0/3)/2. What is j(s)?
10
Let s(i) = -2*i - 6. Let h be s(-3). Suppose -2*q = p + 15, h = 3*q + 5*p + 7 + 19. Let f(r) = -r**3 - 6*r**2 + 7*r + 3. Determine f(q).
3
Let z(x) be the first derivative of 5/3*x**3 - x + 1/4*x**4 - 5 + x**2. Calculate z(-5).
-11
Let d(y) = -y - 1. Let b be (6/4)/(33/22). Calculate d(b).
-2
Let h be -5*(1 + 1)/(-2). Let f(n) = n. Let p be f(0). Suppose -2*i + 8 = 5*k, p*i - h*i - 3*k = -20. Let q(d) = d**2 - 2*d - 5. Determine q(i).
3
Let k(v) = v**3 - 14. Let u(c) = -c**3 - 4*c**2 - c - 4. Let n be u(-4). What is k(n)?
-14
Let q(d) = -5*d**3 + 3*d**2 + 10*d. Let f(g) = g**3 - g. Let h(o) = -6*f(o) - q(o). Suppose 3*x - 2 + 11 = 0. Calculate h(x).
12
Let b be ((-3)/(-6) + -1)*2. Let g(c) = 1. Let z(a) = a - 2. Let h(r) = b*z(r) - 4*g(r). What is h(-4)?
2
Let p(b) = -4*b - b - 3*b**2 - 5 + 2*b**2. Determine p(-5).
-5
Let f(z) = -z + 4. Let b = -19 + 25. Suppose b + 2 = 2*j. Calculate f(j).
0
Let i(n) = n**3 + 3*n**2 - n + 3. Let l be i(-3). Let z(j) = j - 5. Calculate z(l).
1
Let k(y) = -y. Suppose 2*d = -d + 3. Let x(z) = -1 + 7 - 2 - d. Let c(v) = -k(v) + x(v). What is c(-4)?
-1
Let i(f) = 4*f + 5 + 0*f**3 - 11*f**3 - 5*f**2 + 7*f**3 + 3*f**3. What is i(-5)?
-15
Let b = -3 - -5. Suppose -2*r + 2*o + b*o = 8, o = -5*r + 13. Let t(u) = -u - r + 2*u + 1 - 3*u. Give t(4).
-9
Let u be -2 - (-3)/(-2)*-2. Let p(k) = 3*k**3 + 4*k**2 + 7*k + 6. Let c(d) = d**3 + d**2 + d + 1. Let i(r) = u*p(r) - 4*c(r). Give i(-2).
4
Let k(d) be the first derivative of -d**4/4 + 5*d**3/3 - 5*d**2/2 + 2*d - 7. Calculate k(3).
5
Let q(w) = w**2 - 4*w - 2. Let v(g) be the second derivative of 1/2*g**2 - 1/3*g**4 + 0 + 1/20*g**5 + 2/3*g**3 + 2*g. Let m be v(3). Determine q(m).
-2
Let a(d) = -d**2 + 7*d + 1. Suppose 3*k - 14 = 76. Let i = k + -24. Determine a(i).
7
Let z = -58 + 64. Let s(i) = i**2 - 7*i + 9. Determine s(z).
3
Let w(a) = -3*a + 7. Let j = 7 + -4. Suppose -3*t + 0*t + 54 = q, j*t - 3*q = 54. Let y = t - 13. Determine w(y).
-8
Let c(f) be the first derivative of -f**4/4 - 2*f**3/3 - f**2/2 - 3*f - 22. Give c(-3).
9
Let f(p) = -p**2 + 6*p - 5. Suppose 4*z - 2*z = 14. Determine f(z).
-12
Let r(j) = 3*j + 6. Let c(p) be the third derivative of p**3/6 + 2*p**2. Let g(a) = 6*c(a) - r(a). Determine g(-2).
6
Let c be 10/6*(-48)/(-40). Let y(z) be the third derivative of -1/20*z**5 + 0 + 0*z + 5/24*z**4 + 5/6*z**3 - 2*z**c - 1/120*z**6. Calculate y(-4).
1
Let z(h) = h**2 - 5*h - 7. Let a = 0 + 6. Calculate z(a).
-1
Let h(u) = -u**2 + 1. Let n(k) = -5*k**2 - 7*k + 11. Let o(v) = v**3 + 2*v**2 - 4*v - 4. Let x be o(-3). Let j(g) = x*n(g) + 6*h(g). What is j(5)?
5
Let t(a) = -a**2 + 5*a + 2. Let k be t(6). Let l(s) = 1. Let r(j) = -3*j - 8. Let x(c) = -3*l(c) - r(c). Calculate x(k).
-7
Let o(u) = -3*u - 17. Let l(n) = -n - 6. Let a(g) = -8*l(g) + 3*o(g). Calculate a(-2).
-1
Let a(s) = -5*s + 0 + 3*s**2 + 4*s + 0. Give a(-1).
4
Let n(r) = -27*r + 20*r - 15*r. What is n(1)?
-22
Let t(d) = 4 + 6*d**3 - 5 + 2. Calculate t(-1).
-5
Suppose 4*u + 5*h - 29 = 0, -2*u + 5*h - 11 - 12 = 0. Let r(d) = -d**3 + d**2 + d - 1. Give r(u).
0
Let m(l) be the second derivative of l**3/6 + 9*l**2/2 + l. Let s(j) = -j - 2. Let n be s(2). Determine m(n).
5
Let p = 69 - 40. Let s = 1 - p. Let v be s/12 - (-6)/(-9). Let d(h) = h + 7. What is d(v)?
4
Let v(m) = -m + 1. Suppose -7*s + 4 = -3*s. Let c be v(s). Suppose c = 4*f - 8*f - 16. Let l(x) = x**2 + 3*x - 4. What is l(f)?
0
Suppose -5*s = -1 - 4. Let c = -49 - -46. Let z be ((-40)/24)/(s/c). Let j(m) = m**3 - 4*m**2 - 5*m - 2. What is j(z)?
-2
Let b(g) = 4*g. Let w = 32 + -22. Let f be ((-16)/w)/(2/(-10)). Suppose -2*t = 2*t - f. Give b(t).
8
Let f = -19 + 25. Let n(j) = 12*j + f*j - 21*j. Let t = -5 - -8. Determine n(t).
-9
Let i = 107 + -106. Let c(w) = 2 + 12*w**3 + 2*w - 1 + w**2 - 4*w. Give c(i).
12
Let o = -3 + -2. Let f(b) = 6*b**2 + b + 1. Let s(d) = -5*d**2 - 2*d - 2. Let c(r) = o*s(r) - 4*f(r). Calculate c(-4).
-2
Let o(k) be the first derivative of k**6/120 + k**5/12 + 5*k**4/24 - 4*k**2 + 6. Let h(y) be the second derivative of o(y). Calculate h(-4).
-4
Suppose 0 = -v + 4*v + f - 41, 4*f + 1 = -v. Suppose -3*k = 2*k + v. Let o(w) = -1. Let h(b) = b. Let n(q) = -h(q) + 4*o(q). Calculate n(k).
-1
Let l(n) = n**2 - 3*n. Let h be ((-5)/(-2))/(7/14). Suppose 0 = -w + 2*w - h. What is l(w)?
10
Let d(k) = -k**2 + k + 3. Suppose 0 = -2*a - 6*a + 24. Calculate d(a).
-3
Let t(z) = 2*z - 14. Let q = -4 - -10. Let p be t(q). Let u(r) = -2*r**2 - 2*r - 1. Determine u(p).
-5
Suppose j + 0 = -6. Let s(p) = -p**3 - 2*p**2 + 9*p - 3. Let c(h) = -h**3 - 3*h**2 + 8*h - 4. Let w(y) = -3*c(y) + 2*s(y). Determine w(j).
6
Let v(g) be the second derivative of -g**3/6 - 5*g**2/2 - 4*g. Determine v(4).
-9
Let p(s) = s**2 + s - 2. Let x be p(-2). Let o(u) = u**2 - 1. Determine o(x).
-1
Suppose 0 = 2*r, 2*c - 5*c - 3 = -3*r. Let o(j) = -5*j**2 + j. What is o(c)?
-6
Let r(d) = d**3 + 7 - 22 - 3*d**2 + 11 + 8*d**2 - 6*d. Calculate r(-6).
-4
Let k(n) be the first derivati